{"id":2335,"date":"2016-04-12T03:16:55","date_gmt":"2016-04-12T03:16:55","guid":{"rendered":"https:\/\/heli.thememove.com\/?page_id=2335"},"modified":"2025-03-05T13:38:44","modified_gmt":"2025-03-05T12:38:44","slug":"info","status":"publish","type":"page","link":"https:\/\/physio-schadi.de\/wordpress\/info\/","title":{"rendered":"Info"},"content":{"rendered":"<p>[vc_row css=&#8220;.vc_custom_1460431836711{margin-bottom: 100px !important;}&#8220;][vc_column][vc_custom_heading text=&#8220;Liebe Patienten,&#8220; font_container=&#8220;tag:h3|text_align:left|color:%23222222&#8243; use_theme_fonts=&#8220;yes&#8220; css=&#8220;.vc_custom_1637048936873{margin-bottom: 20px !important;}&#8220;][vc_column_text]demn\u00e4chst hier f\u00fcr Sie: Wissenswertes rund um Gesundheit &amp; Pr\u00e4vention!<\/p>\n<p>Schon bald finden Sie auf dieser Seite hilfreiche Tipps, spannende Erkenntnisse und praktische Anregungen f\u00fcr ein gesundes Leben. Schauen Sie wieder vorbei![\/vc_column_text][\/vc_column][\/vc_row]<\/p>\n","protected":false},"excerpt":{"rendered":"<p>[vc_row css=&#8220;.vc_custom_1460431836711{margin-bottom: 100px !important;}&#8220;][vc_column][vc_custom_heading text=&#8220;Liebe Patienten,&#8220; font_container=&#8220;tag:h3|text_align:left|color:%23222222&#8243; use_theme_fonts=&#8220;yes&#8220; css=&#8220;.vc_custom_1637048936873{margin-bottom: 20px !important;}&#8220;][vc_column_text]demn\u00e4chst hier f\u00fcr Sie: Wissenswertes rund um Gesundheit &amp; Pr\u00e4vention! Schon bald finden Sie auf dieser Seite hilfreiche Tipps, spannende Erkenntnisse und praktische Anregungen f\u00fcr ein gesundes Leben. Schauen Sie wieder vorbei![\/vc_column_text][\/vc_column][\/vc_row]<\/p>\n","protected":false},"author":1,"featured_media":0,"parent":0,"menu_order":0,"comment_status":"closed","ping_status":"closed","template":"","meta":{"footnotes":""},"class_list":["post-2335","page","type-page","status-publish","hentry"],"_links":{"self":[{"href":"https:\/\/physio-schadi.de\/wordpress\/wp-json\/wp\/v2\/pages\/2335","targetHints":{"allow":["GET"]}}],"collection":[{"href":"https:\/\/physio-schadi.de\/wordpress\/wp-json\/wp\/v2\/pages"}],"about":[{"href":"https:\/\/physio-schadi.de\/wordpress\/wp-json\/wp\/v2\/types\/page"}],"author":[{"embeddable":true,"href":"https:\/\/physio-schadi.de\/wordpress\/wp-json\/wp\/v2\/users\/1"}],"replies":[{"embeddable":true,"href":"https:\/\/physio-schadi.de\/wordpress\/wp-json\/wp\/v2\/comments?post=2335"}],"version-history":[{"count":5,"href":"https:\/\/physio-schadi.de\/wordpress\/wp-json\/wp\/v2\/pages\/2335\/revisions"}],"predecessor-version":[{"id":4899,"href":"https:\/\/physio-schadi.de\/wordpress\/wp-json\/wp\/v2\/pages\/2335\/revisions\/4899"}],"wp:attachment":[{"href":"https:\/\/physio-schadi.de\/wordpress\/wp-json\/wp\/v2\/media?parent=2335"}],"curies":[{"name":"wp","href":"https:\/\/api.w.org\/{rel}","templated":true}]}}